er when 29 is divided by l?
12
Suppose 5*j = 5*h + 25, 2*h + 50 = 4*j + 4*h. Let x be (36/10)/(2/j). Let i = 37 - x. What is the remainder when i is divided by 7?
5
Let d(w) = 4*w - 1. Let y(c) = -c**3 + 8*c**2 + 9*c - 5. Let h be y(9). Let i = h + 13. What is the remainder when d(4) is divided by i?
7
Calculate the remainder when ((-34)/(-4))/(7/42) is divided by 26.
25
Suppose -2*j + 2*a = 2*j - 54, -4*a = 5*j - 35. Calculate the remainder when 20 is divided by j.
9
Let k(f) = f**2 + 12*f + 10. Let j be k(-8). Let m = 31 + j. Suppose 0 = -5*b + 87 + 43. What is the remainder when b is divided by m?
8
Suppose -3*n + 4*n - 3 = 0. Suppose -4*o + n*q = -89, q - 1 = -0. Calculate the remainder when o is divided by 13.
10
Let b(t) = 4*t + 9. Let l(f) = f + 2. Let g(h) = 2*b(h) - 9*l(h). Calculate the remainder when 13 is divided by g(-5).
3
Calculate the remainder when 3/(1119/(-282) + 4) is divided by 24.
22
Suppose 265 = 3*h - 206. Calculate the remainder when h is divided by 40.
37
Suppose -5*c + 10*c = 25. Suppose d - c*d - 8 = 0, -3*d = 5*s - 294. What is the remainder when s is divided by 21?
18
Let k = -10 + 25. Calculate the remainder when 41 is divided by k.
11
Suppose 5*h + 2*q = -23, -4*h = 3*q + 36 - 12. Let y(u) be the first derivative of u**3/3 + u**2 + 1. What is the remainder when 5 is divided by y(h)?
2
Let d = 81 - 45. Let g = 91 - d. Calculate the remainder when g is divided by 14.
13
Let o(r) = r**2 + 18*r + 53. Calculate the remainder when o(-16) is divided by 11.
10
Suppose -5*u + 4*b - 2 = -4, 0 = 5*u + b - 12. Let y = 11 + -5. Suppose -2*g = 4*v + 4 + y, 5*v = -3*g - 12. What is the remainder when u is divided by g?
0
Let a(i) = 2*i - 12. Calculate the remainder when 15 - 4*1/2 is divided by a(8).
1
What is the remainder when (3*51)/3 + -3 is divided by 25?
23
Let a(u) = u**2 - u - 9. Calculate the remainder when 19 is divided by a(4).
1
Suppose 26 = -4*j - 6. Let u be (-1)/4 + (-50)/j. Let h = u - 5. Calculate the remainder when h is divided by 1.
0
Let l = -1 - -6. Suppose -3*r + z = -6 - 6, -l*r - 2*z = -20. Suppose -p - 2*p + 27 = 3*m, 0 = 5*m - r*p - 54. Calculate the remainder when 18 is divided by m.
8
Suppose -y = 4*y. Let f be (-6 + y + 1)*1. Calculate the remainder when 31/1 + (f - -6) is divided by 11.
10
Suppose -4*u - 17 + 41 = 0. What is the remainder when 28 is divided by u?
4
Let v be (-12 - -2)/(6/(-63)). Suppose -d = -6*d + v. Calculate the remainder when d is divided by 12.
9
Let l = -27 - 8. Let k = -20 - l. Calculate the remainder when k is divided by 8.
7
Let a = -17 + 32. Let v = -10 + a. What is the remainder when (-20)/(-6)*(-48)/(-20) is divided by v?
3
Let m = 2 - -5. Let k be (m/(14/(-260)))/(-1). Suppose -4*l = l - k. Calculate the remainder when l is divided by 9.
8
Let g(a) = -a**2 + 3*a + 1. Let x be g(3). What is the remainder when 18 + (-1 + 2 - x) is divided by 10?
8
Suppose -5*x + 89 = -96. What is the remainder when x is divided by 8?
5
Suppose -3*i + 37 = 2*m, -i - 3*m + 3 = -0. Let a = i - 7. Let x = a + -4. Calculate the remainder when 15 is divided by x.
3
Let r = 126 - 75. Calculate the remainder when r is divided by 18.
15
Suppose 2*t = 22 + 26. Calculate the remainder when t is divided by 13.
11
Suppose 4*i + 10 - 26 = 0. Suppose -67 = -5*d + 3*g - 0*g, i*d = 3*g + 56. Calculate the remainder when d is divided by 6.
5
Suppose -8*g + 4*g = -168. Calculate the remainder when g is divided by 22.
20
Calculate the remainder when (-4)/6*-6 - -96 is divided by 34.
32
Suppose 4*k + 20 = 0, r = 3*r - 4*k - 34. Calculate the remainder when 40 is divided by r.
5
Suppose -f + 2*j + 11 = 0, -2*j - 29 = -5*f + 18. Let m = 2 + f. What is the remainder when 30 is divided by m?
8
Let r(y) = 4*y + 9. Let b(k) = -k - 1. Let p(c) = -2*b(c) - r(c). What is the remainder when 14 is divided by p(-6)?
4
Let p be 3/5 - (-26)/(-10). Let n be p/4 - 186/(-4). Suppose -5*y + n - 6 = 0. Calculate the remainder when y is divided by 5.
3
Let a be (-3)/(-5) - (-102)/30. Suppose 0 = -z + 4, 5*o - z = -2*z + 309. Calculate the remainder when o is divided by a + -2*68/(-8).
19
Let a(c) = 6*c**2 - 3*c. Let u(s) = -7*s**2 + 3*s - 1. Let i(l) = 6*a(l) + 5*u(l). What is the remainder when 9 is divided by i(5)?
4
Suppose 186 = 4*d + 4*w - 170, 0 = -4*d + w + 346. What is the remainder when d is divided by 15?
12
Suppose -c + 5*d = -23, d = -4*c - 4*d + 42. Suppose 3*f = c + 11. Calculate the remainder when 21 is divided by f.
5
Suppose s - 3*h + 9 = 0, 0*s + 28 = 4*s + 4*h. What is the remainder when s is divided by 2?
1
Suppose -60 = -5*k + 10. Suppose 0 = 3*w - 5*w + k. Let a(x) = x**3 + 13*x**2 + 10*x - 5. Calculate the remainder when a(-12) is divided by w.
5
Let k(t) = -2*t**3 + 11*t**2 - 6*t - 12. What is the remainder when 22 is divided by k(4)?
10
Suppose -c - 6*c = -56. What is the remainder when 31 is divided by c?
7
Let g = 63 - 47. What is the remainder when 29 is divided by g?
13
Let a = 13 + -7. What is the remainder when a is divided by 4?
2
Let m(x) = -2 + 9*x + 1 - 6*x - x. What is the remainder when m(6) is divided by 4?
3
Suppose 12 = n - 16. What is the remainder when n is divided by 5?
3
Let l = -19 - -36. Let u(d) = d**3 - 4*d**2 - 3. Let m(n) = -n - 1. Let t(y) = 2*m(y) + u(y). Calculate the remainder when l is divided by t(5).
7
Let k(f) = 7*f**2 + 11*f + 4. Let v be k(-7). Suppose b + b = v. Suppose -4*t + b - 19 = 0. Calculate the remainder when t is divided by 10.
9
Let s(w) = 6*w**2 - w. Let q be (-4)/6 + (-1)/3. What is the remainder when 19 is divided by s(q)?
5
Suppose 3*k = -3*s + 15, -8 = -5*s + 3*k + 9. Suppose 12 = s*z - 8, 21 = -j + 3*z. Calculate the remainder when 17 is divided by (10/3)/(j/(-9)).
2
Let y = 19 + -5. Calculate the remainder when 26 is divided by y.
12
Let n(w) = 3*w**2 + 2*w. Let i be n(-6). Suppose -3*j - 3*h + 84 + 12 = 0, 4*h = -3*j + i. Suppose -j - 48 = -5*s. What is the remainder when s is divided by 6?
4
Suppose -53 = -5*b + 67. What is the remainder when 69 is divided by 4/8*2*b?
21
Suppose 3*h + h = 3*z - 84, -2*h = 6. What is the remainder when z is divided by 5?
4
Let u(q) = -q**3 + 10*q**2 + 12*q - 2. Calculate the remainder when u(11) is divided by 4.
1
Suppose 315 = -5*c + 10*c. Calculate the remainder when c is divided by 33.
30
Let v(w) = w. Let g = -3 + 11. Calculate the remainder when 12 is divided by v(g).
4
Let s = 5 - 7. Let c be ((-10)/(-2))/(s + 3). Suppose -9*t + c = -8*t. Calculate the remainder when t is divided by 3.
2
Let r = -10 - -12. What is the remainder when (23/r)/(4/16) is divided by 16?
14
Suppose 88 = -0*r - 4*r. What is the remainder when 39 is divided by (-312)/r + 14/(-77)?
11
Suppose -13*i = -16*i + 243. Let o = 26 - 5. What is the remainder when i is divided by o?
18
Let x = 6 + -5. Suppose 3*r - 3*h = 6*r - 54, 4*r + 5*h = 77. What is the remainder when (x - -2) + (23 - 2) is divided by r?
11
Suppose 0 = -3*w - 3*g + 39, w = -4*w - 4*g + 65. Let z = 22 - -16. What is the remainder when z is divided by w?
12
Let n(l) be the first derivative of -l**4/4 + l**3 - l**2/2 - 3. Let w be n(2). Suppose w*b + 40 = 4*b. What is the remainder when b is divided by 11?
9
Suppose -4*t = -2*m - 5*t + 5, 0 = t - 5. Suppose m*c + 3*c = 48. Let i(p) = 11*p - 2. What is the remainder when i(3) is divided by c?
15
Let c = 11 + 18. Let b = c + 20. What is the remainder when b is divided by (-1)/(1/(-17) - 0)?
15
Suppose -m = 2*h - 71, 4*h + 2*m - 145 = -m. Calculate the remainder when h is divided by 9.
7
Let i = -23 - -40. Calculate the remainder when (6/(-4))/((-3)/66) is divided by i.
16
Let w = 132 - 103. Let p = -22 + 32. What is the remainder when w is divided by p?
9
Let l be ((-12)/(-14))/((-1)/(-7)). Suppose -2*j + l = 3*p, -j - j + p = 2. What is the remainder when 38 - j*(-2)/6 is divided by 13?
12
Let f = 116 + -78. What is the remainder when f is divided by 15?
8
Let z(i) be the third derivative of -13*i**4/24 - 11*i**3/6 - 3*i**2. Calculate the remainder when z(-6) is divided by (-1)/(-3) + (-68)/(-3).
21
Suppose d + 10 = -3*r, -d + 4*r = -4*d - 15. What is the remainder when 6*d*(-24)/9 is divided by 6?
4
Suppose -2*m + 143 = z - 4*z, 4*m - 4*z = 296. Let p = m - 52. What is the remainder when p is divided by 14?
13
Suppose 4*f